{"id":178,"date":"2024-12-10T14:04:09","date_gmt":"2024-12-10T14:04:09","guid":{"rendered":"https:\/\/bkhana.cz\/?page_id=178"},"modified":"2026-02-09T18:33:30","modified_gmt":"2026-02-09T18:33:30","slug":"klubove-schuze","status":"publish","type":"page","link":"https:\/\/bkhana.cz\/?page_id=178","title":{"rendered":"Klubov\u00e9 sch\u016fze"},"content":{"rendered":"\t\t<div data-elementor-type=\"wp-page\" data-elementor-id=\"178\" class=\"elementor elementor-178\">\n\t\t\t\t<div class=\"elementor-element elementor-element-311dacd e-flex e-con-boxed e-con e-parent\" data-id=\"311dacd\" data-element_type=\"container\" data-e-type=\"container\">\n\t\t\t\t\t<div class=\"e-con-inner\">\n\t\t\t\t<div class=\"elementor-element elementor-element-f533197 elementor-widget elementor-widget-text-editor\" data-id=\"f533197\" data-element_type=\"widget\" data-e-type=\"widget\" data-widget_type=\"text-editor.default\">\n\t\t\t\t<div class=\"elementor-widget-container\">\n\t\t\t\t\t\t\t\t\t<h2 style=\"text-align: justify;\">Klubov\u00e9<strong> sch\u016fze 2026<\/strong><\/h2><ul><li>1. ledna &#8211; zru\u0161eno,<\/li><li>5. \u00fanora,<\/li><li>5. b\u0159ezna *zru\u0161ena*<\/li><li>2. dubna,\u00a0<\/li><li>7. kv\u011btna &#8211;<strong>d\u016fle\u017eit\u00e9, p\u0159\u00edprava na v\u00fdstavu v Konici<\/strong><\/li><li>4. \u010dervna &#8211; vyhodnocen\u00ed v\u00fdstavy,<\/li><li>2. \u010dervence,<\/li><li>6. srpna,<\/li><li>3. z\u00e1\u0159\u00ed &#8211; <strong>d\u016fle\u017eit\u00e9, p\u0159\u00edprava na v\u00fdstavu v Prost\u011bjov\u011b<\/strong><\/li><li>1. \u0159\u00edjna &#8211; vyhodnocen\u00ed v\u00fdstavy<\/li><li>5. listopadu,<\/li><li>3. prosince,<\/li><\/ul><p><strong>Sch\u016fze se konaj\u00ed v\u017edy prvn\u00ed \u010dtvrtek v\u00a0m\u011bs\u00edci od 17:00 hod, pokud nen\u00ed stanoveno jinak. M\u00edsto kon\u00e1n\u00ed klubovna MO \u010cZS Prost\u011bjov, ul. Daliborka 3. <\/strong><\/p>\t\t\t\t\t\t\t\t<\/div>\n\t\t\t\t<\/div>\n\t\t\t\t\t<\/div>\n\t\t\t\t<\/div>\n\t\t\t\t<\/div>\n\t\t","protected":false},"excerpt":{"rendered":"<p>Klubov\u00e9 sch\u016fze 2026 1. ledna &#8211; zru\u0161eno, 5. \u00fanora, 5. b\u0159ezna *zru\u0161ena* 2. dubna,\u00a0 7. kv\u011btna &#8211;d\u016fle\u017eit\u00e9, p\u0159\u00edprava na v\u00fdstavu [&hellip;]<\/p>\n","protected":false},"author":1,"featured_media":0,"parent":0,"menu_order":0,"comment_status":"closed","ping_status":"closed","template":"","meta":{"site-sidebar-layout":"no-sidebar","site-content-layout":"","ast-site-content-layout":"full-width-container","site-content-style":"default","site-sidebar-style":"default","ast-global-header-display":"","ast-banner-title-visibility":"","ast-main-header-display":"","ast-hfb-above-header-display":"","ast-hfb-below-header-display":"","ast-hfb-mobile-header-display":"","site-post-title":"disabled","ast-breadcrumbs-content":"","ast-featured-img":"disabled","footer-sml-layout":"","theme-transparent-header-meta":"","adv-header-id-meta":"","stick-header-meta":"","header-above-stick-meta":"","header-main-stick-meta":"","header-below-stick-meta":"","astra-migrate-meta-layouts":"default","ast-page-background-enabled":"default","ast-page-background-meta":{"desktop":{"background-color":"var(--ast-global-color-4)","background-image":"","background-repeat":"repeat","background-position":"center center","background-size":"auto","background-attachment":"scroll","background-type":"","background-media":"","overlay-type":"","overlay-color":"","overlay-opacity":"","overlay-gradient":""},"tablet":{"background-color":"","background-image":"","background-repeat":"repeat","background-position":"center center","background-size":"auto","background-attachment":"scroll","background-type":"","background-media":"","overlay-type":"","overlay-color":"","overlay-opacity":"","overlay-gradient":""},"mobile":{"background-color":"","background-image":"","background-repeat":"repeat","background-position":"center center","background-size":"auto","background-attachment":"scroll","background-type":"","background-media":"","overlay-type":"","overlay-color":"","overlay-opacity":"","overlay-gradient":""}},"ast-content-background-meta":{"desktop":{"background-color":"var(--ast-global-color-5)","background-image":"","background-repeat":"repeat","background-position":"center center","background-size":"auto","background-attachment":"scroll","background-type":"","background-media":"","overlay-type":"","overlay-color":"","overlay-opacity":"","overlay-gradient":""},"tablet":{"background-color":"var(--ast-global-color-5)","background-image":"","background-repeat":"repeat","background-position":"center center","background-size":"auto","background-attachment":"scroll","background-type":"","background-media":"","overlay-type":"","overlay-color":"","overlay-opacity":"","overlay-gradient":""},"mobile":{"background-color":"var(--ast-global-color-5)","background-image":"","background-repeat":"repeat","background-position":"center center","background-size":"auto","background-attachment":"scroll","background-type":"","background-media":"","overlay-type":"","overlay-color":"","overlay-opacity":"","overlay-gradient":""}},"footnotes":""},"class_list":["post-178","page","type-page","status-publish","hentry"],"_links":{"self":[{"href":"https:\/\/bkhana.cz\/index.php?rest_route=\/wp\/v2\/pages\/178","targetHints":{"allow":["GET"]}}],"collection":[{"href":"https:\/\/bkhana.cz\/index.php?rest_route=\/wp\/v2\/pages"}],"about":[{"href":"https:\/\/bkhana.cz\/index.php?rest_route=\/wp\/v2\/types\/page"}],"author":[{"embeddable":true,"href":"https:\/\/bkhana.cz\/index.php?rest_route=\/wp\/v2\/users\/1"}],"replies":[{"embeddable":true,"href":"https:\/\/bkhana.cz\/index.php?rest_route=%2Fwp%2Fv2%2Fcomments&post=178"}],"version-history":[{"count":25,"href":"https:\/\/bkhana.cz\/index.php?rest_route=\/wp\/v2\/pages\/178\/revisions"}],"predecessor-version":[{"id":893,"href":"https:\/\/bkhana.cz\/index.php?rest_route=\/wp\/v2\/pages\/178\/revisions\/893"}],"wp:attachment":[{"href":"https:\/\/bkhana.cz\/index.php?rest_route=%2Fwp%2Fv2%2Fmedia&parent=178"}],"curies":[{"name":"wp","href":"https:\/\/api.w.org\/{rel}","templated":true}]}}