{"id":227,"date":"2024-12-11T14:34:30","date_gmt":"2024-12-11T14:34:30","guid":{"rendered":"https:\/\/bkhana.cz\/?page_id=227"},"modified":"2026-03-18T17:36:18","modified_gmt":"2026-03-18T17:36:18","slug":"planovane-vystavy","status":"publish","type":"page","link":"https:\/\/bkhana.cz\/?page_id=227","title":{"rendered":"Pl\u00e1novan\u00e9 v\u00fdstavy"},"content":{"rendered":"\t\t<div data-elementor-type=\"wp-page\" data-elementor-id=\"227\" class=\"elementor elementor-227\">\n\t\t\t\t<div class=\"elementor-element elementor-element-3caecbd e-flex e-con-boxed e-con e-parent\" data-id=\"3caecbd\" data-element_type=\"container\" data-e-type=\"container\">\n\t\t\t\t\t<div class=\"e-con-inner\">\n\t\t\t\t<div class=\"elementor-element elementor-element-ae686d0 elementor-widget elementor-widget-text-editor\" data-id=\"ae686d0\" data-element_type=\"widget\" data-e-type=\"widget\" data-widget_type=\"text-editor.default\">\n\t\t\t\t<div class=\"elementor-widget-container\">\n\t\t\t\t\t\t\t\t\t<h2 style=\"text-align: justify;\"><strong>Pl\u00e1novan\u00e9 v\u00fdstavy 2026<\/strong><\/h2><ul><li>30.5. &#8211; 31.5.\u00a0 \u00a0Klubov\u00e1 v\u00fdstava z\u00e1mek Konice<\/li><li>11.9. &#8211; 13.9.\u00a0 \u00a0Klubov\u00e1 v\u00fdstava z\u00e1mek Prost\u011bjov\u00a0<\/li><li>25.9. &#8211; 27.9.\u00a0 \u00a0V\u00fdstava bonsaj\u00ed ve Florceter Olomouc<\/li><\/ul>\t\t\t\t\t\t\t\t<\/div>\n\t\t\t\t<\/div>\n\t\t\t\t\t<\/div>\n\t\t\t\t<\/div>\n\t\t<div class=\"elementor-element elementor-element-be76267 e-flex e-con-boxed e-con e-parent\" data-id=\"be76267\" data-element_type=\"container\" data-e-type=\"container\">\n\t\t\t\t\t<div class=\"e-con-inner\">\n\t\t\t\t<div class=\"elementor-element elementor-element-9f75d30 elementor-widget elementor-widget-spacer\" data-id=\"9f75d30\" data-element_type=\"widget\" data-e-type=\"widget\" data-widget_type=\"spacer.default\">\n\t\t\t\t<div class=\"elementor-widget-container\">\n\t\t\t\t\t\t\t<div class=\"elementor-spacer\">\n\t\t\t<div class=\"elementor-spacer-inner\"><\/div>\n\t\t<\/div>\n\t\t\t\t\t\t<\/div>\n\t\t\t\t<\/div>\n\t\t\t\t\t<\/div>\n\t\t\t\t<\/div>\n\t\t<div class=\"elementor-element elementor-element-f244dcb e-grid e-con-boxed e-con e-parent\" data-id=\"f244dcb\" data-element_type=\"container\" data-e-type=\"container\">\n\t\t\t\t\t<div class=\"e-con-inner\">\n\t\t\t\t<div class=\"elementor-element elementor-element-2411924 elementor-widget elementor-widget-image\" data-id=\"2411924\" data-element_type=\"widget\" data-e-type=\"widget\" data-widget_type=\"image.default\">\n\t\t\t\t<div class=\"elementor-widget-container\">\n\t\t\t\t\t\t\t\t\t\t\t\t\t\t\t<img fetchpriority=\"high\" decoding=\"async\" width=\"724\" height=\"1024\" src=\"https:\/\/bkhana.cz\/wp-content\/uploads\/2026\/03\/Vystava-BONSAJI-Konice-2026-724x1024.png\" class=\"attachment-large size-large wp-image-922\" alt=\"\" srcset=\"https:\/\/bkhana.cz\/wp-content\/uploads\/2026\/03\/Vystava-BONSAJI-Konice-2026-724x1024.png 724w, https:\/\/bkhana.cz\/wp-content\/uploads\/2026\/03\/Vystava-BONSAJI-Konice-2026-212x300.png 212w, https:\/\/bkhana.cz\/wp-content\/uploads\/2026\/03\/Vystava-BONSAJI-Konice-2026-768x1086.png 768w, https:\/\/bkhana.cz\/wp-content\/uploads\/2026\/03\/Vystava-BONSAJI-Konice-2026-1086x1536.png 1086w, https:\/\/bkhana.cz\/wp-content\/uploads\/2026\/03\/Vystava-BONSAJI-Konice-2026-1448x2048.png 1448w, https:\/\/bkhana.cz\/wp-content\/uploads\/2026\/03\/Vystava-BONSAJI-Konice-2026.png 1587w\" sizes=\"(max-width: 724px) 100vw, 724px\" \/>\t\t\t\t\t\t\t\t\t\t\t\t\t\t\t<\/div>\n\t\t\t\t<\/div>\n\t\t\t\t\t<\/div>\n\t\t\t\t<\/div>\n\t\t\t\t<\/div>\n\t\t","protected":false},"excerpt":{"rendered":"<p>Pl\u00e1novan\u00e9 v\u00fdstavy 2026 30.5. &#8211; 31.5.\u00a0 \u00a0Klubov\u00e1 v\u00fdstava z\u00e1mek Konice 11.9. &#8211; 13.9.\u00a0 \u00a0Klubov\u00e1 v\u00fdstava z\u00e1mek Prost\u011bjov\u00a0 25.9. &#8211; 27.9.\u00a0 [&hellip;]<\/p>\n","protected":false},"author":1,"featured_media":0,"parent":0,"menu_order":0,"comment_status":"closed","ping_status":"closed","template":"","meta":{"site-sidebar-layout":"no-sidebar","site-content-layout":"","ast-site-content-layout":"full-width-container","site-content-style":"default","site-sidebar-style":"default","ast-global-header-display":"","ast-banner-title-visibility":"","ast-main-header-display":"","ast-hfb-above-header-display":"","ast-hfb-below-header-display":"","ast-hfb-mobile-header-display":"","site-post-title":"disabled","ast-breadcrumbs-content":"","ast-featured-img":"disabled","footer-sml-layout":"","theme-transparent-header-meta":"","adv-header-id-meta":"","stick-header-meta":"","header-above-stick-meta":"","header-main-stick-meta":"","header-below-stick-meta":"","astra-migrate-meta-layouts":"default","ast-page-background-enabled":"default","ast-page-background-meta":{"desktop":{"background-color":"var(--ast-global-color-4)","background-image":"","background-repeat":"repeat","background-position":"center center","background-size":"auto","background-attachment":"scroll","background-type":"","background-media":"","overlay-type":"","overlay-color":"","overlay-opacity":"","overlay-gradient":""},"tablet":{"background-color":"","background-image":"","background-repeat":"repeat","background-position":"center center","background-size":"auto","background-attachment":"scroll","background-type":"","background-media":"","overlay-type":"","overlay-color":"","overlay-opacity":"","overlay-gradient":""},"mobile":{"background-color":"","background-image":"","background-repeat":"repeat","background-position":"center center","background-size":"auto","background-attachment":"scroll","background-type":"","background-media":"","overlay-type":"","overlay-color":"","overlay-opacity":"","overlay-gradient":""}},"ast-content-background-meta":{"desktop":{"background-color":"var(--ast-global-color-5)","background-image":"","background-repeat":"repeat","background-position":"center center","background-size":"auto","background-attachment":"scroll","background-type":"","background-media":"","overlay-type":"","overlay-color":"","overlay-opacity":"","overlay-gradient":""},"tablet":{"background-color":"var(--ast-global-color-5)","background-image":"","background-repeat":"repeat","background-position":"center center","background-size":"auto","background-attachment":"scroll","background-type":"","background-media":"","overlay-type":"","overlay-color":"","overlay-opacity":"","overlay-gradient":""},"mobile":{"background-color":"var(--ast-global-color-5)","background-image":"","background-repeat":"repeat","background-position":"center center","background-size":"auto","background-attachment":"scroll","background-type":"","background-media":"","overlay-type":"","overlay-color":"","overlay-opacity":"","overlay-gradient":""}},"footnotes":""},"class_list":["post-227","page","type-page","status-publish","hentry"],"_links":{"self":[{"href":"https:\/\/bkhana.cz\/index.php?rest_route=\/wp\/v2\/pages\/227","targetHints":{"allow":["GET"]}}],"collection":[{"href":"https:\/\/bkhana.cz\/index.php?rest_route=\/wp\/v2\/pages"}],"about":[{"href":"https:\/\/bkhana.cz\/index.php?rest_route=\/wp\/v2\/types\/page"}],"author":[{"embeddable":true,"href":"https:\/\/bkhana.cz\/index.php?rest_route=\/wp\/v2\/users\/1"}],"replies":[{"embeddable":true,"href":"https:\/\/bkhana.cz\/index.php?rest_route=%2Fwp%2Fv2%2Fcomments&post=227"}],"version-history":[{"count":71,"href":"https:\/\/bkhana.cz\/index.php?rest_route=\/wp\/v2\/pages\/227\/revisions"}],"predecessor-version":[{"id":928,"href":"https:\/\/bkhana.cz\/index.php?rest_route=\/wp\/v2\/pages\/227\/revisions\/928"}],"wp:attachment":[{"href":"https:\/\/bkhana.cz\/index.php?rest_route=%2Fwp%2Fv2%2Fmedia&parent=227"}],"curies":[{"name":"wp","href":"https:\/\/api.w.org\/{rel}","templated":true}]}}